{"id":353,"date":"2020-09-18T18:01:27","date_gmt":"2020-09-18T21:01:27","guid":{"rendered":"http:\/\/www.mulheressocialistas.org.br\/campanha2020\/?page_id=353"},"modified":"2022-02-14T17:49:10","modified_gmt":"2022-02-14T20:49:10","slug":"aspectos-juridicos-e-de-contabilidade","status":"publish","type":"page","link":"https:\/\/www.mulheressocialistas.org.br\/campanha2020\/aspectos-juridicos-e-de-contabilidade\/","title":{"rendered":"ASPECTOS JUR\u00cdDICOS E DE CONTABILIDADE"},"content":{"rendered":"<p>[vc_row full_width=&#8221;stretch_row&#8221; content_placement=&#8221;middle&#8221; bg_type=&#8221;image&#8221; parallax_style=&#8221;vcpb-default&#8221; bg_image_new=&#8221;id^408|url^http:\/\/www.mulheressocialistas.org.br\/campanha2020\/wp-content\/uploads\/2020\/09\/Banner-p\u00e1gina-08.jpg|caption^null|alt^null|title^Banner p\u00e1gina 08|description^null&#8221; bg_image_repeat=&#8221;no-repeat&#8221; bg_override=&#8221;full&#8221; css=&#8221;.vc_custom_1600541916837{background-position: center !important;background-repeat: no-repeat !important;background-size: cover !important;}&#8221;][vc_column][vc_single_image image=&#8221;407&#8243; img_size=&#8221;full&#8221; alignment=&#8221;center&#8221; css=&#8221;.vc_custom_1600541943600{padding-top: 5% !important;padding-bottom: 5% !important;}&#8221;][\/vc_column][\/vc_row][vc_row][vc_column css=&#8221;.vc_custom_1601403776211{padding-bottom: 15px !important;}&#8221;]<div class=\"dt-fancy-separator h1-size style-disabled\" style=\"width: 100%;\"><div class=\"dt-fancy-title\" style=\"color: #8b3181;\"><span class=\"separator-holder separator-left\"><\/span>1. Propaganda Eleitoral<span class=\"separator-holder separator-right\"><\/span><\/div><\/div>[\/vc_column][\/vc_row][vc_row][vc_column width=&#8221;1\/6&#8243;][\/vc_column][vc_column width=&#8221;2\/3&#8243;][vc_column_text]<\/p>\n<div class=\"corpo\">\n<p align=\"center\"><iframe loading=\"lazy\" src=\"https:\/\/app.iptvmax.com\/s\/embed?v=W7BU44OV2B\" width=\"682\" height=\"430\" frameborder=\"0\" scrolling=\"no\" allowfullscreen=\"allowfullscreen\"><\/iframe><\/p>\n<\/div>\n<p>[\/vc_column_text][vc_column_text]<\/p>\n<h6 style=\"text-align: center;\"><strong>Ouvir o \u00e1udio<\/strong><\/h6>\n<!--[if lt IE 9]><script>document.createElement('audio');<\/script><![endif]-->\n<audio class=\"wp-audio-shortcode\" id=\"audio-353-1\" preload=\"none\" style=\"width: 100%;\" controls=\"controls\"><source type=\"audio\/mpeg\" src=\"http:\/\/www.mulheressocialistas.org.br\/campanha2020\/wp-content\/uploads\/2020\/10\/Propaganda-eleitoral_Lais-Brigida_1.mp3?_=1\" \/><a href=\"http:\/\/www.mulheressocialistas.org.br\/campanha2020\/wp-content\/uploads\/2020\/10\/Propaganda-eleitoral_Lais-Brigida_1.mp3\">http:\/\/www.mulheressocialistas.org.br\/campanha2020\/wp-content\/uploads\/2020\/10\/Propaganda-eleitoral_Lais-Brigida_1.mp3<\/a><\/audio>\n<p>[\/vc_column_text][vc_btn title=&#8221;Clique para baixar o \u00e1udio&#8221; style=&#8221;flat&#8221; color=&#8221;violet&#8221; align=&#8221;center&#8221; link=&#8221;url:http%3A%2F%2Fwww.mulheressocialistas.org.br%2Fcampanha2020%2Faudios%2FPropaganda%20eleitoral_Lais%20Brigida_1.mp3|title:baixe|target:%20_blank|&#8221;][\/vc_column][vc_column width=&#8221;1\/6&#8243;][\/vc_column][\/vc_row][vc_row][vc_column][vc_empty_space][\/vc_column][\/vc_row][vc_row][vc_column css=&#8221;.vc_custom_1601403776211{padding-bottom: 15px !important;}&#8221;]<div class=\"dt-fancy-separator h1-size style-disabled\" style=\"width: 100%;\"><div class=\"dt-fancy-title\" style=\"color: #8b3181;\"><span class=\"separator-holder separator-left\"><\/span>2. Fake News<span class=\"separator-holder separator-right\"><\/span><\/div><\/div>[\/vc_column][\/vc_row][vc_row][vc_column width=&#8221;1\/6&#8243;][\/vc_column][vc_column width=&#8221;2\/3&#8243;][vc_column_text]<\/p>\n<div class=\"corpo\">\n<p align=\"center\"><iframe loading=\"lazy\" src=\"https:\/\/app.iptvmax.com\/s\/embed?v=EMNHD4O0E0\" width=\"682\" height=\"430\" frameborder=\"0\" scrolling=\"no\" allowfullscreen=\"allowfullscreen\"><\/iframe><\/p>\n<\/div>\n<p>[\/vc_column_text][vc_column_text]<\/p>\n<h6 style=\"text-align: center;\"><strong>Ouvir o \u00e1udio<\/strong><\/h6>\n<audio class=\"wp-audio-shortcode\" id=\"audio-353-2\" preload=\"none\" style=\"width: 100%;\" controls=\"controls\"><source type=\"audio\/mpeg\" src=\"http:\/\/www.mulheressocialistas.org.br\/campanha2020\/wp-content\/uploads\/2020\/10\/Fake-news_Lais-Brigida_1.mp3?_=2\" \/><a href=\"http:\/\/www.mulheressocialistas.org.br\/campanha2020\/wp-content\/uploads\/2020\/10\/Fake-news_Lais-Brigida_1.mp3\">http:\/\/www.mulheressocialistas.org.br\/campanha2020\/wp-content\/uploads\/2020\/10\/Fake-news_Lais-Brigida_1.mp3<\/a><\/audio>\n<p>[\/vc_column_text][vc_btn title=&#8221;Clique para baixar o \u00e1udio&#8221; style=&#8221;flat&#8221; color=&#8221;violet&#8221; align=&#8221;center&#8221; link=&#8221;url:http%3A%2F%2Fwww.mulheressocialistas.org.br%2Fcampanha2020%2Faudios%2FFake%20news_Lais%20Brigida_1.mp3|title:baixe|target:%20_blank|&#8221;][\/vc_column][vc_column width=&#8221;1\/6&#8243;][\/vc_column][\/vc_row][vc_row][vc_column][vc_empty_space][\/vc_column][\/vc_row][vc_row][vc_column css=&#8221;.vc_custom_1601403776211{padding-bottom: 15px !important;}&#8221;]<div class=\"dt-fancy-separator h1-size style-disabled\" style=\"width: 100%;\"><div class=\"dt-fancy-title\" style=\"color: #8b3181;\"><span class=\"separator-holder separator-left\"><\/span>3. Pesquisas Eleitorais<span class=\"separator-holder separator-right\"><\/span><\/div><\/div>[\/vc_column][\/vc_row][vc_row][vc_column width=&#8221;1\/6&#8243;][\/vc_column][vc_column width=&#8221;2\/3&#8243;][vc_column_text]<\/p>\n<div class=\"corpo\">\n<p align=\"center\"><iframe loading=\"lazy\" src=\"https:\/\/app.iptvmax.com\/s\/embed?v=ZNXTQGH51Q\" width=\"682\" height=\"430\" frameborder=\"0\" scrolling=\"no\" allowfullscreen=\"allowfullscreen\"><\/iframe><\/p>\n<\/div>\n<p>[\/vc_column_text][vc_column_text]<\/p>\n<h6 style=\"text-align: center;\"><strong>Ouvir o \u00e1udio<\/strong><\/h6>\n<audio class=\"wp-audio-shortcode\" id=\"audio-353-3\" preload=\"none\" style=\"width: 100%;\" controls=\"controls\"><source type=\"audio\/mpeg\" src=\"http:\/\/www.mulheressocialistas.org.br\/campanha2020\/wp-content\/uploads\/2020\/10\/Pesquisas-eleitorais_Lais-Brigida_1.mp3?_=3\" \/><a href=\"http:\/\/www.mulheressocialistas.org.br\/campanha2020\/wp-content\/uploads\/2020\/10\/Pesquisas-eleitorais_Lais-Brigida_1.mp3\">http:\/\/www.mulheressocialistas.org.br\/campanha2020\/wp-content\/uploads\/2020\/10\/Pesquisas-eleitorais_Lais-Brigida_1.mp3<\/a><\/audio>\n<p>[\/vc_column_text][vc_btn title=&#8221;Clique para baixar o \u00e1udio&#8221; style=&#8221;flat&#8221; color=&#8221;violet&#8221; align=&#8221;center&#8221; link=&#8221;url:http%3A%2F%2Fwww.mulheressocialistas.org.br%2Fcampanha2020%2Faudios%2FPesquisas%20eleitorais_Lais%20Brigida_1.mp3|title:baixe|target:%20_blank|&#8221;][\/vc_column][vc_column width=&#8221;1\/6&#8243;][\/vc_column][\/vc_row][vc_row][vc_column][vc_empty_space][\/vc_column][\/vc_row][vc_row][vc_column css=&#8221;.vc_custom_1601403776211{padding-bottom: 15px !important;}&#8221;]<div class=\"dt-fancy-separator h1-size style-disabled\" style=\"width: 100%;\"><div class=\"dt-fancy-title\" style=\"color: #8b3181;\"><span class=\"separator-holder separator-left\"><\/span>4. Presta\u00e7\u00e3o de Contas<span class=\"separator-holder separator-right\"><\/span><\/div><\/div>[\/vc_column][\/vc_row][vc_row][vc_column width=&#8221;1\/6&#8243;][\/vc_column][vc_column width=&#8221;2\/3&#8243;][vc_column_text]<\/p>\n<div class=\"corpo\">\n<p align=\"center\"><iframe loading=\"lazy\" src=\"https:\/\/app.iptvmax.com\/s\/embed?v=YXM045ZKX5\" width=\"682\" height=\"430\" frameborder=\"0\" scrolling=\"no\" allowfullscreen=\"allowfullscreen\"><\/iframe><\/p>\n<\/div>\n<p>[\/vc_column_text][vc_column_text]<\/p>\n<h6 style=\"text-align: center;\"><strong>Ouvir o \u00e1udio<\/strong><\/h6>\n<audio class=\"wp-audio-shortcode\" id=\"audio-353-4\" preload=\"none\" style=\"width: 100%;\" controls=\"controls\"><source type=\"audio\/mpeg\" src=\"http:\/\/www.mulheressocialistas.org.br\/campanha2020\/wp-content\/uploads\/2020\/10\/Prestacao-de-contas_Lais-Brigida_1.mp3?_=4\" \/><a href=\"http:\/\/www.mulheressocialistas.org.br\/campanha2020\/wp-content\/uploads\/2020\/10\/Prestacao-de-contas_Lais-Brigida_1.mp3\">http:\/\/www.mulheressocialistas.org.br\/campanha2020\/wp-content\/uploads\/2020\/10\/Prestacao-de-contas_Lais-Brigida_1.mp3<\/a><\/audio>\n<p>[\/vc_column_text][vc_btn title=&#8221;Clique para baixar o \u00e1udio&#8221; style=&#8221;flat&#8221; color=&#8221;violet&#8221; align=&#8221;center&#8221; link=&#8221;url:http%3A%2F%2Fwww.mulheressocialistas.org.br%2Fcampanha2020%2Faudios%2FPrestacao%20de%20contas_Lais%20Brigida_1.mp3|title:baixe|target:%20_blank|&#8221;][\/vc_column][vc_column width=&#8221;1\/6&#8243;][\/vc_column][\/vc_row][vc_row][vc_column][vc_empty_space][\/vc_column][\/vc_row][vc_row][vc_column css=&#8221;.vc_custom_1601403776211{padding-bottom: 15px !important;}&#8221;]<div class=\"dt-fancy-separator h1-size style-disabled\" style=\"width: 100%;\"><div class=\"dt-fancy-title\" style=\"color: #8b3181;\"><span class=\"separator-holder separator-left\"><\/span>5. Dia da Elei\u00e7\u00e3o<span class=\"separator-holder separator-right\"><\/span><\/div><\/div>[\/vc_column][\/vc_row][vc_row][vc_column width=&#8221;1\/6&#8243;][\/vc_column][vc_column width=&#8221;2\/3&#8243;][vc_column_text]<\/p>\n<div class=\"corpo\">\n<p align=\"center\"><iframe loading=\"lazy\" src=\"https:\/\/app.iptvmax.com\/s\/embed?v=5IGCZ1D2DI\" width=\"682\" height=\"430\" frameborder=\"0\" scrolling=\"no\" allowfullscreen=\"allowfullscreen\"><\/iframe><\/p>\n<\/div>\n<p>[\/vc_column_text][vc_column_text]<\/p>\n<h6 style=\"text-align: center;\"><strong>Ouvir o \u00e1udio<\/strong><\/h6>\n<audio class=\"wp-audio-shortcode\" id=\"audio-353-5\" preload=\"none\" style=\"width: 100%;\" controls=\"controls\"><source type=\"audio\/mpeg\" src=\"http:\/\/www.mulheressocialistas.org.br\/campanha2020\/wp-content\/uploads\/2020\/10\/Dia-da-eleicao_Lais-Brigida_1.mp3?_=5\" \/><a href=\"http:\/\/www.mulheressocialistas.org.br\/campanha2020\/wp-content\/uploads\/2020\/10\/Dia-da-eleicao_Lais-Brigida_1.mp3\">http:\/\/www.mulheressocialistas.org.br\/campanha2020\/wp-content\/uploads\/2020\/10\/Dia-da-eleicao_Lais-Brigida_1.mp3<\/a><\/audio>\n<p>[\/vc_column_text][vc_btn title=&#8221;Clique para baixar o \u00e1udio&#8221; style=&#8221;flat&#8221; color=&#8221;violet&#8221; align=&#8221;center&#8221; link=&#8221;url:http%3A%2F%2Fwww.mulheressocialistas.org.br%2Fcampanha2020%2Faudios%2FDia%20da%20eleicao_Lais%20Brigida_1.mp3|title:baixe|target:%20_blank|&#8221;][\/vc_column][vc_column width=&#8221;1\/6&#8243;][\/vc_column][\/vc_row][vc_row][vc_column][vc_empty_space][\/vc_column][\/vc_row][vc_row][vc_column css=&#8221;.vc_custom_1601403776211{padding-bottom: 15px !important;}&#8221;]<div class=\"dt-fancy-separator h1-size style-disabled\" style=\"width: 100%;\"><div class=\"dt-fancy-title\" style=\"color: #8b3181;\"><span class=\"separator-holder separator-left\"><\/span>6. O que pode e o que n\u00e3o pode nas elei\u00e7\u00f5es de 2020?<span class=\"separator-holder separator-right\"><\/span><\/div><\/div>[\/vc_column][\/vc_row][vc_row][vc_column width=&#8221;1\/6&#8243;][\/vc_column][vc_column width=&#8221;2\/3&#8243;][vc_column_text]<\/p>\n<div class=\"corpo\">\n<p align=\"center\"><iframe loading=\"lazy\" src=\"https:\/\/app.iptvmax.com\/s\/embed?v=P5TV3G3AHV\" width=\"682\" height=\"430\" frameborder=\"0\" scrolling=\"no\" allowfullscreen=\"allowfullscreen\"><\/iframe><\/p>\n<\/div>\n<p>[\/vc_column_text][vc_column_text]<\/p>\n<h6 style=\"text-align: center;\"><strong>Ouvir o \u00e1udio<\/strong><\/h6>\n<audio class=\"wp-audio-shortcode\" id=\"audio-353-6\" preload=\"none\" style=\"width: 100%;\" controls=\"controls\"><source type=\"audio\/mpeg\" src=\"http:\/\/www.mulheressocialistas.org.br\/campanha2020\/wp-content\/uploads\/2020\/10\/O-que-pode-ou-nao-pode-nas-eleicoes-2020_-Lais-Brigida_1.mp3?_=6\" \/><a href=\"http:\/\/www.mulheressocialistas.org.br\/campanha2020\/wp-content\/uploads\/2020\/10\/O-que-pode-ou-nao-pode-nas-eleicoes-2020_-Lais-Brigida_1.mp3\">http:\/\/www.mulheressocialistas.org.br\/campanha2020\/wp-content\/uploads\/2020\/10\/O-que-pode-ou-nao-pode-nas-eleicoes-2020_-Lais-Brigida_1.mp3<\/a><\/audio>\n<p>[\/vc_column_text][vc_btn title=&#8221;Clique para baixar o \u00e1udio&#8221; style=&#8221;flat&#8221; color=&#8221;violet&#8221; align=&#8221;center&#8221; link=&#8221;url:http%3A%2F%2Fwww.mulheressocialistas.org.br%2Fcampanha2020%2Faudios%2FO%20que%20pode%20ou%20nao%20pode%20nas%20eleicoes%202020_%20Lais%20Brigida_1.mp3|title:baixe|target:%20_blank|&#8221;][\/vc_column][vc_column width=&#8221;1\/6&#8243;][\/vc_column][\/vc_row][vc_row][vc_column][\/vc_column][\/vc_row][vc_row][vc_column css=&#8221;.vc_custom_1601476638447{padding-bottom: 25px !important;}&#8221;]<div class=\"dt-fancy-separator h1-size style-disabled\" style=\"width: 100%;\"><div class=\"dt-fancy-title\" style=\"color: #8b3181;\"><span class=\"separator-holder separator-left\"><\/span>Material de Apoio<span class=\"separator-holder separator-right\"><\/span><\/div><\/div>[\/vc_column][\/vc_row][vc_row][vc_column width=&#8221;1\/6&#8243;][\/vc_column][vc_column width=&#8221;1\/6&#8243;][vc_single_image image=&#8221;859&#8243; img_size=&#8221;medium&#8221; onclick=&#8221;custom_link&#8221; img_link_target=&#8221;_blank&#8221; link=&#8221;http:\/\/www.mulheressocialistas.org.br\/campanha2020\/wp-content\/uploads\/2020\/10\/SNM-Books-006.pdf&#8221;][\/vc_column][vc_column width=&#8221;1\/6&#8243;][\/vc_column][vc_column width=&#8221;1\/6&#8243;][\/vc_column][vc_column width=&#8221;1\/6&#8243;][\/vc_column][vc_column width=&#8221;1\/6&#8243;][\/vc_column][\/vc_row][vc_row][vc_column][\/vc_column][\/vc_row][vc_column][vc_empty_space height=&#8221;15px&#8221;][\/vc_column][vc_column][vc_empty_space height=&#8221;15px&#8221;][\/vc_column]<\/p>\n","protected":false},"excerpt":{"rendered":"<p>[vc_row full_width=&#8221;stretch_row&#8221; content_placement=&#8221;middle&#8221; bg_type=&#8221;image&#8221; parallax_style=&#8221;vcpb-default&#8221; bg_image_new=&#8221;id^408|url^http:\/\/www.mulheressocialistas.org.br\/campanha2020\/wp-content\/uploads\/2020\/09\/Banner-p\u00e1gina-08.jpg|caption^null|alt^null|title^Banner p\u00e1gina 08|description^null&#8221; bg_image_repeat=&#8221;no-repeat&#8221; bg_override=&#8221;full&#8221; css=&#8221;.vc_custom_1600541916837{background-position: center !important;background-repeat: no-repeat !important;background-size: cover !important;}&#8221;][vc_column][vc_single_image image=&#8221;407&#8243; img_size=&#8221;full&#8221; alignment=&#8221;center&#8221; css=&#8221;.vc_custom_1600541943600{padding-top: 5% !important;padding-bottom: 5% !important;}&#8221;][\/vc_column][\/vc_row][vc_row][vc_column css=&#8221;.vc_custom_1601403776211{padding-bottom: 15px !important;}&#8221;][\/vc_column][\/vc_row][vc_row][vc_column width=&#8221;1\/6&#8243;][\/vc_column][vc_column width=&#8221;2\/3&#8243;][vc_column_text] [\/vc_column_text][vc_column_text] Ouvir o \u00e1udio [\/vc_column_text][vc_btn title=&#8221;Clique para baixar o \u00e1udio&#8221; style=&#8221;flat&#8221; color=&#8221;violet&#8221; align=&#8221;center&#8221; link=&#8221;url:http%3A%2F%2Fwww.mulheressocialistas.org.br%2Fcampanha2020%2Faudios%2FPropaganda%20eleitoral_Lais%20Brigida_1.mp3|title:baixe|target:%20_blank|&#8221;][\/vc_column][vc_column width=&#8221;1\/6&#8243;][\/vc_column][\/vc_row][vc_row][vc_column][vc_empty_space][\/vc_column][\/vc_row][vc_row][vc_column css=&#8221;.vc_custom_1601403776211{padding-bottom: 15px !important;}&#8221;][\/vc_column][\/vc_row][vc_row][vc_column width=&#8221;1\/6&#8243;][\/vc_column][vc_column width=&#8221;2\/3&#8243;][vc_column_text] [\/vc_column_text][vc_column_text] Ouvir o \u00e1udio [\/vc_column_text][vc_btn&hellip;<\/p>\n","protected":false},"author":1,"featured_media":0,"parent":0,"menu_order":0,"comment_status":"closed","ping_status":"closed","template":"","meta":{"episode_type":"","audio_file":"","cover_image":"","cover_image_id":"","duration":"","filesize":"","date_recorded":"","explicit":"","block":"","filesize_raw":""},"_links":{"self":[{"href":"https:\/\/www.mulheressocialistas.org.br\/campanha2020\/wp-json\/wp\/v2\/pages\/353"}],"collection":[{"href":"https:\/\/www.mulheressocialistas.org.br\/campanha2020\/wp-json\/wp\/v2\/pages"}],"about":[{"href":"https:\/\/www.mulheressocialistas.org.br\/campanha2020\/wp-json\/wp\/v2\/types\/page"}],"author":[{"embeddable":true,"href":"https:\/\/www.mulheressocialistas.org.br\/campanha2020\/wp-json\/wp\/v2\/users\/1"}],"replies":[{"embeddable":true,"href":"https:\/\/www.mulheressocialistas.org.br\/campanha2020\/wp-json\/wp\/v2\/comments?post=353"}],"version-history":[{"count":12,"href":"https:\/\/www.mulheressocialistas.org.br\/campanha2020\/wp-json\/wp\/v2\/pages\/353\/revisions"}],"predecessor-version":[{"id":411,"href":"https:\/\/www.mulheressocialistas.org.br\/campanha2020\/wp-json\/wp\/v2\/pages\/353\/revisions\/411"}],"wp:attachment":[{"href":"https:\/\/www.mulheressocialistas.org.br\/campanha2020\/wp-json\/wp\/v2\/media?parent=353"}],"curies":[{"name":"wp","href":"https:\/\/api.w.org\/{rel}","templated":true}]}}