{"id":288,"date":"2020-09-09T20:00:09","date_gmt":"2020-09-09T23:00:09","guid":{"rendered":"http:\/\/www.mulheressocialistas.org.br\/campanha2020\/?page_id=288"},"modified":"2024-06-19T17:16:08","modified_gmt":"2024-06-19T20:16:08","slug":"home","status":"publish","type":"page","link":"https:\/\/www.mulheressocialistas.org.br\/campanha2020\/","title":{"rendered":"home"},"content":{"rendered":"<p>[vc_row disable_element=&#8221;yes&#8221;][vc_column][vc_column_text][\/vc_column_text][\/vc_column][\/vc_row][vc_row bg_type=&#8221;bg_color&#8221; bg_override=&#8221;full&#8221; bg_color_value=&#8221;#e9b500&#8243;][vc_column width=&#8221;1\/6&#8243;][\/vc_column][vc_column width=&#8221;2\/3&#8243;][vc_column_text]<\/p>\n<h2 style=\"text-align: center; font: normal bold 32px;\"><span style=\"color: #993366; font-size: 32px;\">\u201cMulher, por que participar da pol\u00edtica?\u201d<\/span><\/h2>\n<h2 style=\"text-align: center; font: normal bold 32px;\"><span style=\"color: #993366; font-size: 32px;\">PSB: um partido que incentiva mulheres<\/span><\/h2>\n<p>[\/vc_column_text][vc_column_text]<\/p>\n<div class=\"corpo\">\n<p align=\"center\"><iframe loading=\"lazy\" src=\"https:\/\/app.iptvmax.com\/s\/embed?v=WJSUXYFOBW\" width=\"1080\" height=\"1080\" frameborder=\"0\" scrolling=\"no\" allowfullscreen=\"allowfullscreen\"><\/iframe><\/p>\n<\/div>\n<p>[\/vc_column_text][\/vc_column][vc_column width=&#8221;1\/6&#8243;][\/vc_column][\/vc_row][vc_row disable_element=&#8221;yes&#8221;][vc_column][vc_column_text][\/vc_column_text][\/vc_column][\/vc_row][vc_row content_placement=&#8221;middle&#8221; css=&#8221;.vc_custom_1599600110875{background-position: center !important;background-repeat: no-repeat !important;background-size: contain !important;}&#8221;][vc_column width=&#8221;1\/6&#8243; css=&#8221;.vc_custom_1599598116523{background-position: center !important;background-repeat: no-repeat !important;background-size: contain !important;}&#8221;][\/vc_column][vc_column width=&#8221;2\/3&#8243;][vc_btn title=&#8221;KIT DA CANDIDATA&#8221; style=&#8221;outline&#8221; color=&#8221;violet&#8221; size=&#8221;lg&#8221; align=&#8221;center&#8221; button_block=&#8221;true&#8221; link=&#8221;url:http%3A%2F%2Fwww.mulheressocialistas.org.br%2Fcampanha2020%2Fkit-da-candidata%2F|title:KIT%20DA%20CANDIDATA||&#8221;][vc_tta_accordion style=&#8221;outline&#8221; color=&#8221;violet&#8221; spacing=&#8221;15&#8243; c_align=&#8221;center&#8221; c_position=&#8221;right&#8221; active_section=&#8221;0&#8243; no_fill=&#8221;true&#8221; collapsible_all=&#8221;true&#8221;][vc_tta_section title=&#8221;MULHERES NA POL\u00cdTICA&#8221; tab_id=&#8221;MULHERES-NA-POLITICA&#8221;][vc_column_text]<\/p>\n<ol>\n<li style=\"text-align: left;\">Empoderamento da mulher<\/li>\n<li style=\"text-align: left;\">Mulheres na pol\u00edtica<\/li>\n<li style=\"text-align: left;\">O que \u00e9 capital pol\u00edtico?<\/li>\n<li style=\"text-align: left;\">Viol\u00eancia pol\u00edtica<\/li>\n<\/ol>\n<p>[\/vc_column_text][vc_btn title=&#8221;ACESSE MULHERES NA POL\u00cdTICA&#8221; style=&#8221;flat&#8221; color=&#8221;violet&#8221; align=&#8221;center&#8221; link=&#8221;url:http%3A%2F%2Fwww.mulheressocialistas.org.br%2Fcampanha2020%2Fmulheres-na-politica%2F|title:MULHERES%20NA%20POL%C3%8DTICA||&#8221;][\/vc_tta_section][vc_tta_section title=&#8221;MULHERES SOCIALISTAS E COMUNICA\u00c7\u00c3O&#8221; tab_id=&#8221;1599692480711-b532b8aa-5843&#8243;][vc_column_text]<\/p>\n<ol>\n<li style=\"text-align: left;\">O que \u00e9 comunica\u00e7\u00e3o social?<\/li>\n<li style=\"text-align: left;\">Mulheres Socialistas e Comuni\u00e7\u00e3o<\/li>\n<li style=\"text-align: left;\">O que s\u00e3o redes? Redes sociais, digitais e anal\u00f3gicas<\/li>\n<li style=\"text-align: left;\">Comunica\u00e7\u00e3o interpessoal<\/li>\n<li style=\"text-align: left;\">Gest\u00e3o de crise e Fake News<\/li>\n<li style=\"text-align: left;\">Comunica\u00e7\u00e3o permanente: p\u00f3s-elei\u00e7\u00e3o<\/li>\n<\/ol>\n<p>[\/vc_column_text][vc_btn title=&#8221;ACESSE MULHERES SOCIALISTAS E COMUNICA\u00c7\u00c3O&#8221; style=&#8221;flat&#8221; color=&#8221;violet&#8221; align=&#8221;center&#8221; link=&#8221;url:http%3A%2F%2Fwww.mulheressocialistas.org.br%2Fcampanha2020%2Fmulheres-socialistas-e-comunicacao%2F|title:MULHERES%20NA%20POL%C3%8DTICA||&#8221;][\/vc_tta_section][vc_tta_section title=&#8221;CAMPANHA ELEITORAL&#8221; tab_id=&#8221;CAMPANHA-ELEITORAL&#8221;][vc_column_text css=&#8221;.vc_custom_1601497410912{margin-right: 4% !important;margin-left: 4% !important;}&#8221;]<\/p>\n<ol>\n<li style=\"text-align: left;\">Marketing pol\u00edtico eleitoral<\/li>\n<li style=\"text-align: left;\">Sou candidata, e agora?<\/li>\n<li style=\"text-align: left;\">Reda\u00e7\u00e3o<\/li>\n<li style=\"text-align: left;\">Agenda de campanha<\/li>\n<li style=\"text-align: left;\">Treinamento de Equipe<\/li>\n<\/ol>\n<p>[\/vc_column_text][vc_btn title=&#8221;ACESSE CAMPANHA ELEITORAL&#8221; style=&#8221;flat&#8221; color=&#8221;violet&#8221; align=&#8221;center&#8221; link=&#8221;url:%20http%3A%2F%2Fwww.mulheressocialistas.org.br%2Fcampanha2020%2Fcampanha-eleitoral%2F|title:ACESSE||&#8221;][\/vc_tta_section][vc_tta_section title=&#8221;MARKETING DIGITAL&#8221; tab_id=&#8221;MARKETING-DIGITAL&#8221;][vc_column_text]<\/p>\n<ol>\n<li>Marketing Digital<\/li>\n<li>Aplicativos e ferramentas:<br \/>\n2.1 Facebook<br \/>\n2.2 Instagram<br \/>\n2.3 whatsapp<\/li>\n<\/ol>\n<p>[\/vc_column_text][vc_btn title=&#8221;ACESSE MARKETING DIGITAL&#8221; style=&#8221;flat&#8221; color=&#8221;violet&#8221; align=&#8221;center&#8221; link=&#8221;url:%20http%3A%2F%2Fwww.mulheressocialistas.org.br%2Fcampanha2020%2Fmarketing-digital%2F|title:ACESSE||&#8221;][\/vc_tta_section][vc_tta_section title=&#8221;MEDIA TRAINING&#8221; tab_id=&#8221;1600460272164-29b7bcba-e2b5&#8243;][vc_column_text]<\/p>\n<ol>\n<li>Discurso e orat\u00f3ria<\/li>\n<li>Rela\u00e7\u00f5es com a imprensa<\/li>\n<\/ol>\n<p>[\/vc_column_text][vc_btn title=&#8221;MEDIA TRAINING&#8221; style=&#8221;flat&#8221; color=&#8221;violet&#8221; align=&#8221;center&#8221; link=&#8221;url:%20http%3A%2F%2Fwww.mulheressocialistas.org.br%2Fcampanha2020%2Fmedia-training%2F|title:ACESSE||&#8221;][\/vc_tta_section][vc_tta_section title=&#8221;POL. P\u00daBLICAS DE G\u00caNERO PARA GEST\u00d5ES SOCIALISTAS&#8221; tab_id=&#8221;POL-PUBLICAS-DE-GENERO-PARA-GESTOES-SOCIALISTAS&#8221;][vc_column_text]<\/p>\n<ol>\n<li>Por que precisamos de pol\u00edticas p\u00fablicas espec\u00edficas para mulheres?<\/li>\n<li>Que dimens\u00f5es da vida precisam ser amparadas por pol\u00edticas p\u00fablicas?<\/li>\n<li>Estado e munic\u00edpio como vetores de pol\u00edticas de g\u00eanero: possibilidade de transforma\u00e7\u00e3o<\/li>\n<li>Guia e propostas efetivas para gest\u00f5es do PSB &#8211; 10 itens para pol\u00edticas p\u00fablicas de igualdade<\/li>\n<\/ol>\n<p>[\/vc_column_text][vc_btn title=&#8221;POL. P\u00daBLICAS DE G\u00caNERO PARA GEST\u00d5ES SOCIALISTAS&#8221; style=&#8221;flat&#8221; color=&#8221;violet&#8221; align=&#8221;center&#8221; link=&#8221;url:%20http%3A%2F%2Fwww.mulheressocialistas.org.br%2Fcampanha2020%2Fpoliticas-publicas-de-genero-para-gestoes-socialistas%2F|title:ACESSE||&#8221;][\/vc_tta_section][vc_tta_section title=&#8221;GEST\u00c3O SOCIALISTA&#8221; tab_id=&#8221;GESTAO-SOCIALISTA&#8221;][vc_column_text]<\/p>\n<ol>\n<li>Gest\u00e3o compartilhada<\/li>\n<li>Transpar\u00eancia p\u00fablica<\/li>\n<\/ol>\n<p>[\/vc_column_text][vc_btn title=&#8221;GEST\u00c3O SOCIALISTA&#8221; style=&#8221;flat&#8221; color=&#8221;violet&#8221; align=&#8221;center&#8221; link=&#8221;url:%20http%3A%2F%2Fwww.mulheressocialistas.org.br%2Fcampanha2020%2Fgestao-socialista%2F|title:ACESSE||&#8221;][\/vc_tta_section][vc_tta_section title=&#8221;ASPECTOS JUR\u00cdDICOS E DE CONTABILIDADE&#8221; tab_id=&#8221;ASPECTOS-JURIDICOS-E-DE-CONTABILIDADE&#8221;][vc_column_text]<\/p>\n<ol>\n<li>Propaganda Eleitoral<\/li>\n<li>Fake News<\/li>\n<li>Pesquisas Eleitorais<\/li>\n<li>Presta\u00e7\u00e3o de Contas (maior conte\u00fado, detalhado)<\/li>\n<li>Dia da Elei\u00e7\u00e3o<\/li>\n<li>O que pode e o que n\u00e3o pode nas elei\u00e7\u00f5es de 2020?<\/li>\n<\/ol>\n<p>[\/vc_column_text][vc_btn title=&#8221;ASPECTOS JUR\u00cdDICOS E DE CONTABILIDADE&#8221; style=&#8221;flat&#8221; color=&#8221;violet&#8221; align=&#8221;center&#8221; link=&#8221;url:%20http%3A%2F%2Fwww.mulheressocialistas.org.br%2Fcampanha2020%2Faspectos-juridicos-e-de-contabilidade%2F|title:ACESSE||&#8221;][\/vc_tta_section][vc_tta_section title=&#8221;CAMPANHA LARANJA, N\u00c3O&#8221; tab_id=&#8221;1600461748405-e69d07e1-afe2&#8243;][vc_column_text]<\/p>\n<ol>\n<li>O que \u00e9 candidatura laranja?<\/li>\n<\/ol>\n<p>[\/vc_column_text][vc_btn title=&#8221;CAMPANHA LARANJA, N\u00c3O&#8221; style=&#8221;flat&#8221; color=&#8221;violet&#8221; align=&#8221;center&#8221; link=&#8221;url:%20http%3A%2F%2Fwww.mulheressocialistas.org.br%2Fcampanha2020%2Fcampanha-laranja-nao%2F|title:ACESSE||&#8221;][\/vc_tta_section][vc_tta_section title=&#8221;FORMA\u00c7\u00c3O POL\u00cdTICA PARA MULHERES SOCIALISTAS&#8221; tab_id=&#8221;1600473552555-6cfed97e-fd6c&#8221;][vc_column_text]<\/p>\n<ol>\n<li>Mulher, Hist\u00f3ria e Feminismo<\/li>\n<li>Conceito de G\u00eanero<\/li>\n<li>Viol\u00eancia de G\u00eanero Contra as Mulheres<\/li>\n<li>G\u00eanero e Educa\u00e7\u00e3o<\/li>\n<li>Mulheres e Diversidade<\/li>\n<li>A Mulher Rural no Brasil: \u00cdndias, Brancas, Pardas e Pretas<\/li>\n<li>Pol\u00edticas P\u00fablicas e Transpar\u00eancia<\/li>\n<li>Mulher e Sa\u00fade: Direitos Sexuais e Reprodutivos<\/li>\n<li>Mulher e Autonomia Econ\u00f4mica: Empreendedorismo e Emprego<\/li>\n<li>Mulheres, Meio Ambiente e Desenvolvimento<\/li>\n<li>Mulher e Poder<\/li>\n<li>Homem X Mulher: Vamos Empatar esse Resultado?<\/li>\n<\/ol>\n<p>[\/vc_column_text][vc_btn title=&#8221;FORMA\u00c7\u00c3O POL\u00cdTICA PARA MULHERES SOCIALISTAS&#8221; style=&#8221;flat&#8221; color=&#8221;violet&#8221; align=&#8221;center&#8221; link=&#8221;url:http%3A%2F%2Fwww.mulheressocialistas.org.br%2Fcampanha2020%2Fformacao-politica-para-mulheres-socialistas%2F|title:ACESSE||&#8221;][\/vc_tta_section][\/vc_tta_accordion][\/vc_column][vc_column width=&#8221;1\/6&#8243;][\/vc_column][\/vc_row][vc_row content_placement=&#8221;middle&#8221; disable_element=&#8221;yes&#8221; css=&#8221;.vc_custom_1601835548640{background-position: center !important;background-repeat: no-repeat !important;background-size: contain !important;}&#8221;][vc_column width=&#8221;1\/6&#8243; css=&#8221;.vc_custom_1599598116523{background-position: center !important;background-repeat: no-repeat !important;background-size: contain !important;}&#8221;][\/vc_column][vc_column width=&#8221;2\/3&#8243;][vc_btn title=&#8221;KIT DA CANDIDATA&#8221; style=&#8221;outline&#8221; color=&#8221;violet&#8221; size=&#8221;lg&#8221; align=&#8221;center&#8221; button_block=&#8221;true&#8221; link=&#8221;url:http%3A%2F%2Fwww.mulheressocialistas.org.br%2Fcampanha2020%2Fkit-da-candidata%2F|title:KIT%20DA%20CANDIDATA||&#8221;][vc_tta_accordion style=&#8221;outline&#8221; color=&#8221;violet&#8221; spacing=&#8221;15&#8243; c_align=&#8221;center&#8221; c_position=&#8221;right&#8221; active_section=&#8221;0&#8243; no_fill=&#8221;true&#8221; collapsible_all=&#8221;true&#8221;][vc_tta_section title=&#8221;MULHERES NA POL\u00cdTICA&#8221; tab_id=&#8221;1601835528924-85a0d50d-97a7&#8243;][vc_column_text]<\/p>\n<ol>\n<li style=\"text-align: left;\">Empoderamento da mulher<\/li>\n<li style=\"text-align: left;\">Mulheres na pol\u00edtica<\/li>\n<li style=\"text-align: left;\">O que \u00e9 capital pol\u00edtico?<\/li>\n<li style=\"text-align: left;\">Viol\u00eancia pol\u00edtica<\/li>\n<\/ol>\n<p>[\/vc_column_text][vc_btn title=&#8221;ACESSE MULHERES NA POL\u00cdTICA&#8221; style=&#8221;flat&#8221; color=&#8221;violet&#8221; align=&#8221;center&#8221; link=&#8221;url:http%3A%2F%2Fwww.mulheressocialistas.org.br%2Fcampanha2020%2Fmulheres-na-politica%2F|title:MULHERES%20NA%20POL%C3%8DTICA||&#8221;][\/vc_tta_section][vc_tta_section title=&#8221;MULHERES SOCIALISTAS E COMUNICA\u00c7\u00c3O&#8221; tab_id=&#8221;1601835528994-e374c757-5505&#8243;][vc_column_text]<\/p>\n<ol>\n<li style=\"text-align: left;\">O que \u00e9 comunica\u00e7\u00e3o social?<\/li>\n<li style=\"text-align: left;\">Mulheres Socialistas e Comuni\u00e7\u00e3o<\/li>\n<li style=\"text-align: left;\">O que s\u00e3o redes? Redes sociais, digitais e anal\u00f3gicas<\/li>\n<li style=\"text-align: left;\">Comunica\u00e7\u00e3o interpessoal<\/li>\n<li style=\"text-align: left;\">Gest\u00e3o de crise e Fake News<\/li>\n<li style=\"text-align: left;\">Comunica\u00e7\u00e3o permanente: p\u00f3s-elei\u00e7\u00e3o<\/li>\n<\/ol>\n<p>[\/vc_column_text][vc_btn title=&#8221;ACESSE MULHERES SOCIALISTAS E COMUNICA\u00c7\u00c3O&#8221; style=&#8221;flat&#8221; color=&#8221;violet&#8221; align=&#8221;center&#8221; link=&#8221;url:%20http%3A%2F%2Fwww.mulheressocialistas.org.br%2Fcampanha2020%2Fmulheres-socialistas-comunicam%2F|title:MULHERES%20NA%20POL%C3%8DTICA||&#8221;][\/vc_tta_section][vc_tta_section title=&#8221;CAMPANHA ELEITORAL&#8221; tab_id=&#8221;1601835529066-2c30939d-f5c3&#8243;][vc_column_text css=&#8221;.vc_custom_1601497410912{margin-right: 4% !important;margin-left: 4% !important;}&#8221;]<\/p>\n<ol>\n<li style=\"text-align: left;\">Marketing pol\u00edtico eleitoral<\/li>\n<li style=\"text-align: left;\">Sou candidata, e agora?<\/li>\n<li style=\"text-align: left;\">Reda\u00e7\u00e3o<\/li>\n<li style=\"text-align: left;\">Agenda de campanha<\/li>\n<li style=\"text-align: left;\">Treinamento de Equipe<\/li>\n<\/ol>\n<p>[\/vc_column_text][vc_btn title=&#8221;ACESSE CAMPANHA ELEITORAL&#8221; style=&#8221;flat&#8221; color=&#8221;violet&#8221; align=&#8221;center&#8221; link=&#8221;url:%20http%3A%2F%2Fwww.mulheressocialistas.org.br%2Fcampanha2020%2Fcampanha-eleitoral%2F|title:ACESSE||&#8221;][\/vc_tta_section][vc_tta_section title=&#8221;MARKETING DIGITAL&#8221; tab_id=&#8221;1601835529155-6a13700c-095c&#8221;][vc_column_text]<\/p>\n<ol>\n<li>Marketing Digital<\/li>\n<li>Aplicativos e ferramentas:<br \/>\n2.1 Facebook<br \/>\n2.2 Instagram<br \/>\n2.3 whatsapp<\/li>\n<\/ol>\n<p>[\/vc_column_text][vc_btn title=&#8221;ACESSE MARKETING DIGITAL&#8221; style=&#8221;flat&#8221; color=&#8221;violet&#8221; align=&#8221;center&#8221; link=&#8221;url:%20http%3A%2F%2Fwww.mulheressocialistas.org.br%2Fcampanha2020%2Fmarketing-digital%2F|title:ACESSE||&#8221;][\/vc_tta_section][vc_tta_section title=&#8221;MEDIA TRAINING&#8221; tab_id=&#8221;1601835529253-e0d2dd21-4bee&#8221;][vc_column_text]<\/p>\n<ol>\n<li>Discurso e orat\u00f3ria<\/li>\n<li>Rela\u00e7\u00f5es com a imprensa<\/li>\n<\/ol>\n<p>[\/vc_column_text][vc_btn title=&#8221;MEDIA TRAINING&#8221; style=&#8221;flat&#8221; color=&#8221;violet&#8221; align=&#8221;center&#8221; link=&#8221;url:%20http%3A%2F%2Fwww.mulheressocialistas.org.br%2Fcampanha2020%2Fmedia-training%2F|title:ACESSE||&#8221;][\/vc_tta_section][vc_tta_section title=&#8221;POL. P\u00daBLICAS DE G\u00caNERO PARA GEST\u00d5ES SOCIALISTAS&#8221; tab_id=&#8221;1601835529329-053658dd-7e44&#8243;][vc_column_text]<\/p>\n<ol>\n<li>Por que precisamos de pol\u00edticas p\u00fablicas espec\u00edficas para mulheres?<\/li>\n<li>Que dimens\u00f5es da vida precisam ser amparadas por pol\u00edticas p\u00fablicas?<\/li>\n<li>Estado e munic\u00edpio como vetores de pol\u00edticas de g\u00eanero: possibilidade de transforma\u00e7\u00e3o<\/li>\n<li>Guia e propostas efetivas para gest\u00f5es do PSB &#8211; 10 itens para pol\u00edticas p\u00fablicas de igualdade<\/li>\n<\/ol>\n<p>[\/vc_column_text][vc_btn title=&#8221;POL. P\u00daBLICAS DE G\u00caNERO PARA GEST\u00d5ES SOCIALISTAS&#8221; style=&#8221;flat&#8221; color=&#8221;violet&#8221; align=&#8221;center&#8221; link=&#8221;url:%20http%3A%2F%2Fwww.mulheressocialistas.org.br%2Fcampanha2020%2Fpoliticas-publicas-de-genero-para-gestoes-socialistas%2F|title:ACESSE||&#8221;][\/vc_tta_section][vc_tta_section title=&#8221;GEST\u00c3O SOCIALISTA&#8221; tab_id=&#8221;1601835529418-3d6f404e-e3fd&#8221;][vc_column_text]<\/p>\n<ol>\n<li>Gest\u00e3o compartilhada<\/li>\n<li>Transpar\u00eancia p\u00fablica<\/li>\n<\/ol>\n<p>[\/vc_column_text][vc_btn title=&#8221;GEST\u00c3O SOCIALISTA&#8221; style=&#8221;flat&#8221; color=&#8221;violet&#8221; align=&#8221;center&#8221; link=&#8221;url:%20http%3A%2F%2Fwww.mulheressocialistas.org.br%2Fcampanha2020%2Fgestao-socialista%2F|title:ACESSE||&#8221;][\/vc_tta_section][vc_tta_section title=&#8221;ASPECTOS JUR\u00cdDICOS E DE CONTABILIDADE&#8221; tab_id=&#8221;1601835529503-37c166cf-a664&#8243;][vc_column_text]<\/p>\n<ol>\n<li>Propaganda Eleitoral<\/li>\n<li>Fake News<\/li>\n<li>Pesquisas Eleitorais<\/li>\n<li>Presta\u00e7\u00e3o de Contas (maior conte\u00fado, detalhado)<\/li>\n<li>Dia da Elei\u00e7\u00e3o<\/li>\n<li>O que pode e o que n\u00e3o pode nas elei\u00e7\u00f5es de 2020?<\/li>\n<\/ol>\n<p>[\/vc_column_text][vc_btn title=&#8221;ASPECTOS JUR\u00cdDICOS E DE CONTABILIDADE&#8221; style=&#8221;flat&#8221; color=&#8221;violet&#8221; align=&#8221;center&#8221; link=&#8221;url:%20http%3A%2F%2Fwww.mulheressocialistas.org.br%2Fcampanha2020%2Faspectos-juridicos-e-de-contabilidade%2F|title:ACESSE||&#8221;][\/vc_tta_section][vc_tta_section title=&#8221;CAMPANHA LARANJA, N\u00c3O&#8221; tab_id=&#8221;1601835529590-9b1d6f56-a3f9&#8243;][vc_column_text]<\/p>\n<ol>\n<li>O que \u00e9 candidatura laranja?<\/li>\n<\/ol>\n<p>[\/vc_column_text][vc_btn title=&#8221;CAMPANHA LARANJA, N\u00c3O&#8221; style=&#8221;flat&#8221; color=&#8221;violet&#8221; align=&#8221;center&#8221; link=&#8221;url:%20http%3A%2F%2Fwww.mulheressocialistas.org.br%2Fcampanha2020%2Fcampanha-laranja-nao%2F|title:ACESSE||&#8221;][\/vc_tta_section][vc_tta_section title=&#8221;FORMA\u00c7\u00c3O POL\u00cdTICA PARA MULHERES SOCIALISTAS&#8221; tab_id=&#8221;1601835529679-65f66d92-3b30&#8243;][vc_column_text]<\/p>\n<ol>\n<li>Mulher, Hist\u00f3ria e Feminismo<\/li>\n<li>Conceito de G\u00eanero<\/li>\n<li>Viol\u00eancia de G\u00eanero Contra as Mulheres<\/li>\n<li>G\u00eanero e Educa\u00e7\u00e3o<\/li>\n<li>Mulheres e Diversidade<\/li>\n<li>A Mulher Rural no Brasil: \u00cdndias, Brancas, Pardas e Pretas<\/li>\n<li>Pol\u00edticas P\u00fablicas e Transpar\u00eancia<\/li>\n<li>Mulher e Sa\u00fade: Direitos Sexuais e Reprodutivos<\/li>\n<li>Mulher e Autonomia Econ\u00f4mica: Empreendedorismo e Emprego<\/li>\n<li>Mulheres, Meio Ambiente e Desenvolvimento<\/li>\n<li>Mulher e Poder<\/li>\n<li>Homem X Mulher: Vamos Empatar esse Resultado?<\/li>\n<\/ol>\n<p>[\/vc_column_text][vc_btn title=&#8221;FORMA\u00c7\u00c3O POL\u00cdTICA PARA MULHERES SOCIALISTAS&#8221; style=&#8221;flat&#8221; color=&#8221;violet&#8221; align=&#8221;center&#8221; link=&#8221;url:http%3A%2F%2Fwww.mulheressocialistas.org.br%2Fcampanha2020%2Fformacao-politica-para-mulheres-socialistas%2F|title:ACESSE||&#8221;][\/vc_tta_section][\/vc_tta_accordion][\/vc_column][vc_column width=&#8221;1\/6&#8243;][\/vc_column][\/vc_row]<\/p>\n","protected":false},"excerpt":{"rendered":"<p>[vc_row disable_element=&#8221;yes&#8221;][vc_column][vc_column_text][\/vc_column_text][\/vc_column][\/vc_row][vc_row bg_type=&#8221;bg_color&#8221; bg_override=&#8221;full&#8221; bg_color_value=&#8221;#e9b500&#8243;][vc_column width=&#8221;1\/6&#8243;][\/vc_column][vc_column width=&#8221;2\/3&#8243;][vc_column_text] \u201cMulher, por que participar da pol\u00edtica?\u201d PSB: um partido que incentiva mulheres [\/vc_column_text][vc_column_text] [\/vc_column_text][\/vc_column][vc_column width=&#8221;1\/6&#8243;][\/vc_column][\/vc_row][vc_row disable_element=&#8221;yes&#8221;][vc_column][vc_column_text][\/vc_column_text][\/vc_column][\/vc_row][vc_row content_placement=&#8221;middle&#8221; css=&#8221;.vc_custom_1599600110875{background-position: center !important;background-repeat: no-repeat !important;background-size: contain !important;}&#8221;][vc_column width=&#8221;1\/6&#8243; css=&#8221;.vc_custom_1599598116523{background-position: center !important;background-repeat: no-repeat !important;background-size: contain !important;}&#8221;][\/vc_column][vc_column width=&#8221;2\/3&#8243;][vc_btn title=&#8221;KIT DA CANDIDATA&#8221; style=&#8221;outline&#8221; color=&#8221;violet&#8221; size=&#8221;lg&#8221; align=&#8221;center&#8221; button_block=&#8221;true&#8221; link=&#8221;url:http%3A%2F%2Fwww.mulheressocialistas.org.br%2Fcampanha2020%2Fkit-da-candidata%2F|title:KIT%20DA%20CANDIDATA||&#8221;][vc_tta_accordion style=&#8221;outline&#8221; color=&#8221;violet&#8221; spacing=&#8221;15&#8243; c_align=&#8221;center&#8221; c_position=&#8221;right&#8221; active_section=&#8221;0&#8243;&hellip;<\/p>\n","protected":false},"author":1,"featured_media":0,"parent":0,"menu_order":0,"comment_status":"closed","ping_status":"closed","template":"template-microsite.php","meta":{"episode_type":"","audio_file":"","cover_image":"","cover_image_id":"","duration":"","filesize":"","date_recorded":"","explicit":"","block":"","filesize_raw":""},"_links":{"self":[{"href":"https:\/\/www.mulheressocialistas.org.br\/campanha2020\/wp-json\/wp\/v2\/pages\/288"}],"collection":[{"href":"https:\/\/www.mulheressocialistas.org.br\/campanha2020\/wp-json\/wp\/v2\/pages"}],"about":[{"href":"https:\/\/www.mulheressocialistas.org.br\/campanha2020\/wp-json\/wp\/v2\/types\/page"}],"author":[{"embeddable":true,"href":"https:\/\/www.mulheressocialistas.org.br\/campanha2020\/wp-json\/wp\/v2\/users\/1"}],"replies":[{"embeddable":true,"href":"https:\/\/www.mulheressocialistas.org.br\/campanha2020\/wp-json\/wp\/v2\/comments?post=288"}],"version-history":[{"count":55,"href":"https:\/\/www.mulheressocialistas.org.br\/campanha2020\/wp-json\/wp\/v2\/pages\/288\/revisions"}],"predecessor-version":[{"id":1005,"href":"https:\/\/www.mulheressocialistas.org.br\/campanha2020\/wp-json\/wp\/v2\/pages\/288\/revisions\/1005"}],"wp:attachment":[{"href":"https:\/\/www.mulheressocialistas.org.br\/campanha2020\/wp-json\/wp\/v2\/media?parent=288"}],"curies":[{"name":"wp","href":"https:\/\/api.w.org\/{rel}","templated":true}]}}